89?
71, 431, 20789
List the prime factors of 10131250.
2, 5, 1621
What are the prime factors of 106789275?
3, 5, 474619
What are the prime factors of 1821712661?
53, 34371937
What are the prime factors of 13577797?
23, 397, 1487
What are the prime factors of 237189385?
5, 47437877
What are the prime factors of 1764326797?
443, 3982679
What are the prime factors of 71574684?
2, 3, 41, 145477
List the prime factors of 5831525580.
2, 3, 5, 61, 227, 7019
List the prime factors of 24695493.
3, 107, 719
What are the prime factors of 1264099?
137, 9227
What are the prime factors of 460971916?
2, 883, 130513
What are the prime factors of 184192499?
3301, 55799
List the prime factors of 50248582.
2, 31, 79, 10259
What are the prime factors of 224288301?
3, 43, 1738669
List the prime factors of 4318295723.
7, 18353, 33613
What are the prime factors of 85117195?
5, 953, 17863
List the prime factors of 5165684788.
2, 11, 5431, 21617
What are the prime factors of 28552122?
2, 3, 199, 2657
What are the prime factors of 311741464?
2, 373, 104471
List the prime factors of 64144274.
2, 229, 140053
List the prime factors of 277402336.
2, 73, 118751
List the prime factors of 94621884.
2, 3, 7, 229, 4919
List the prime factors of 22687461.
3, 2520829
List the prime factors of 1494076183.
1494076183
List the prime factors of 682251673.
151, 409, 11047
What are the prime factors of 415640725?
5, 79, 229, 919
What are the prime factors of 603999250?
2, 5, 2415997
What are the prime factors of 346646740?
2, 5, 11, 257, 6131
What are the prime factors of 27221223?
3, 151, 60091
What are the prime factors of 3901881?
3, 23, 193, 293
List the prime factors of 4730558232.
2, 3, 167, 1180279
List the prime factors of 1104404916.
2, 3, 89, 349, 2963
What are the prime factors of 24856319?
71, 350089
What are the prime factors of 44186910?
2, 3, 5, 17, 23, 3767
What are the prime factors of 59983402?
2, 23, 1303987
What are the prime factors of 980633717?
7, 20012933
List the prime factors of 24040141.
73, 329317
What are the prime factors of 878886394?
2, 31, 457277
List the prime factors of 855576421.
7, 199, 251, 2447
What are the prime factors of 88575212?
2, 11, 241, 8353
What are the prime factors of 1154290579?
13, 88791583
What are the prime factors of 85759780?
2, 5, 4287989
What are the prime factors of 124368462?
2, 3, 6909359
List the prime factors of 43462356.
2, 3, 7, 421, 1229
What are the prime factors of 58683727?
101, 479, 1213
List the prime factors of 26228199.
3, 1433, 6101
List the prime factors of 2907243820.
2, 5, 13, 11181707
What are the prime factors of 7099479476?
2, 41, 101, 113, 3793
List the prime factors of 17465605.
5, 3493121
List the prime factors of 51284982.
2, 3, 7, 43, 73, 389
List the prime factors of 311467.
13, 19, 97
List the prime factors of 1146052044.
2, 3, 29, 277, 1321
What are the prime factors of 36403056?
2, 3, 73, 3463
List the prime factors of 219874397.
219874397
List the prime factors of 1681840156.
2, 420460039
List the prime factors of 37437733.
19, 1970407
What are the prime factors of 21480409?
1823, 11783
List the prime factors of 2053083685.
5, 1153, 356129
List the prime factors of 243807449.
19, 449, 28579
List the prime factors of 2204628361.
13, 23, 43, 171473
List the prime factors of 3909112395.
3, 5, 113, 2306261
List the prime factors of 4152859980.
2, 3, 5, 463, 149491
List the prime factors of 261385309.
283, 379, 2437
List the prime factors of 64172250.
2, 3, 5, 3169
List the prime factors of 48167658.
2, 3, 7, 11, 23, 1511
What are the prime factors of 20671963?
13, 23, 47, 1471
List the prime factors of 9551800.
2, 5, 163, 293
What are the prime factors of 714391245?
3, 5, 1763929
List the prime factors of 313636602.
2, 3, 23, 2272729
What are the prime factors of 516112649?
13, 234917
What are the prime factors of 1784703844?
2, 7, 11, 139, 41687
List the prime factors of 314447785.
5, 4547, 13831
List the prime factors of 200024698.
2, 23, 241, 18043
What are the prime factors of 907917879?
3, 11, 2111, 13033
List the prime factors of 1205274106.
2, 23, 521, 50291
List the prime factors of 2842173304.
2, 29, 2851, 4297
List the prime factors of 814514523.
3, 17, 1279, 12487
List the prime factors of 248431356.
2, 3, 97, 71143
What are the prime factors of 32613904?
2, 2038369
List the prime factors of 61677035.
5, 7, 227, 1109
What are the prime factors of 178967175?
3, 5, 19, 125591
List the prime factors of 4217533668.
2, 3, 117153713
List the prime factors of 213496761.
3, 17, 4186211
What are the prime factors of 1240687988?
2, 23, 13485739
List the prime factors of 410617345.
5, 6661, 12329
What are the prime factors of 354110091?
3, 37, 3190181
List the prime factors of 1957808928.
2, 3, 653, 31231
List the prime factors of 23341848.
2, 3, 972577
What are the prime factors of 126458762?
2, 63229381
What are the prime factors of 412378702?
2, 67, 3077453
What are the prime factors of 106553283?
3, 101, 351661
List the prime factors of 588709362.
2, 3, 9803, 10009
List the prime factors of 1146891656.
2, 829, 172933
List the prime factors of 756340665.
3, 5, 50422711
List the prime factors of 1040173105.
5, 208034621
List the prime factors of 20423581.
43, 197, 2411
List the prime factors of 345511253.
263, 1313731
List the prime factors of 129138070.
2, 5, 181, 71347
List the prime factors of 2423734.
2, 409, 2963
List the prime factors of 2064854958.
2, 3, 137, 461, 5449
List the prime factors of 284321862.
2, 3, 11, 439, 3271
What are the prime factors of 78665237?
7, 1605413
What are the prime factors of 5027745?
3, 5, 37, 9059
What are the prime factors of 828586098?
2, 3, 421, 12149
What are the prime factors of 1346047008?
2, 3, 131, 107033
List the prime factors of 8456419454.
2, 7, 97, 6227113
List the prime factors of 165569832.
2, 3, 197, 1297
What are the prime factors of 3641911933?
11, 331082903
List the prime factors of 46601229.
3, 73, 212791
What are the prime factors of 27536335?
5, 5507267
List the prime factors of 3130242787.
7, 127, 3521083
What are the prime factors of 36109544?
2, 31, 145603
What are the prime factors of 1856810876?
2, 167, 2779657
What are the prime factors of 117407804?
2, 29351951
List the prime factors of 7988337481.
37, 215901013
List the prime factors of 3269401888.
2, 102168809
List the prime factors of 1332570347.
17, 78386491
List the prime factors of 680509719.
3, 19, 239, 16651
What are the prime factors of 785135152?
2, 49070947
What are the prime factors of 2414095674?
2, 3, 31, 421, 30829
List the prime factors of 21393832.
2, 79, 33851
What are the prime factors of 67910140?
2, 5, 353, 9619
What are the prime factors of 1005831011?
73, 13778507
List the prime factors of 25310232.
2, 3, 139, 281
List the prime factors of 53150378.
2, 23, 83, 13921
What are the prime factors of 1964152814?
2, 13, 1193, 4871
List the prime factors of 50912179.
23, 103, 21491
What are the prime factors of 845747879?
547, 1546157
What are the prime factors of 2692597875?
3, 5, 11, 59341
List the prime factors of 58565980.
2, 5, 11, 19, 14011
List the prime factors of 190280697.
3, 31, 2046029
List the prime factors of 361095036.
2, 3, 41, 127, 5779
What are the prime factors of 73217868?
2, 3, 19, 67, 4793
What are the prime factors of 524404706?
2, 7, 37457479
List the prime factors of 139368341.
7, 19909763
List the prime factors of 130592351.
17, 37, 207619
What are the prime factors of 2639528820?
2, 3, 5, 14664049
List the prime factors of 395711348.
2, 59, 137, 12239
List the prime factors of 169875535.
5, 33975107
What are the prime factors of 125567016?
2, 3, 563, 9293
List the prime factors of 859127381.
7, 331, 370793
List the prime factors of 130480330.
2, 5, 13048033
What are the prime factors of 539763095?
5, 73, 109, 13567
What are the prime factors of 90057876?
2, 3, 29, 258787
List the prime factors of 1097198588.
2, 274299647
What are the prime factors of 2763750186?
2, 3, 601, 85159
List the prime factors of 13080166.
2, 11, 37, 16069
List the prime factors of 512883537.
3, 170961179
List the prime factors of 36897427.
7, 5271061
What are the prime factors of 22809245?
5, 4561849
What are the prime factors of 401402262?
2, 3, 66900377
What 